 - g*c. Calculate y(-4).
5
Suppose -2*u - 1 = -3. Let d(w) = 5*w**2 + w. Determine d(u).
6
Let d = 17 + -23. Let a(r) = r**3 + 5*r**2 - 5*r + 5. Give a(d).
-1
Let f be (-4)/20 - (-62)/10. Suppose -3*o + f + 6 = 0. Let w(z) = z**3 - 4*z**2 + 3*z - 1. Give w(o).
11
Let s(p) = p**3 + 4*p**2 + p - 2. Let u = -16 + 10. Let x = u - -2. Calculate s(x).
-6
Let n(s) = -s**2 + 7*s - 7. Let b be n(5). Let i(j) = -16 + 42 + j**2 - 4*j - 15 - 12. Calculate i(b).
-4
Let v(o) = 4*o**2 + 13*o**2 + 23 + 20*o - 9*o - 2*o**2. Let q(p) = -7*p**2 - 5*p - 11. Let u(f) = -13*q(f) - 6*v(f). What is u(0)?
5
Let l(j) = j - 6. Let z = 17 - 12. What is l(z)?
-1
Let f(a) = 31*a + 10 - 61*a + 27*a - a**2. What is f(-7)?
-18
Let n(w) = 3 + 2*w + 0*w - 2*w + 3*w. Let f be (-1 + 4 + -2)/(1/(-3)). Determine n(f).
-6
Let h(u) = -u**2 + 5*u - 3. Let i(p) = -p - 1. Let o be i(-3). Suppose 2*y + 0*f - 4 = 2*f, -y - o*f + 2 = 0. Let q be y - (0 + (-1 - -1)). Calculate h(q).
3
Let t(z) be the first derivative of -z**3/3 - 2*z - 17. Determine t(-2).
-6
Let t(c) = -2*c - 6. Let s be t(-4). Suppose 2*x - q + 5*q = -48, 0 = -s*x - 2*q - 42. Let w be 60/x*12/10. Let u(b) = b**2 + 6*b + 6. Calculate u(w).
-2
Let p be 34/(-8) - (-1)/4. Let r(f) = 2*f**2 + 15*f - 13. Let g(v) = v**2 + 7*v - 6. Let o(x) = 9*g(x) - 4*r(x). Calculate o(p).
2
Let d(h) = 7*h**2 - 6*h + 21. Let n(x) = 7*x**2 - 7*x + 20. Let t(z) = -3*d(z) + 4*n(z). Let l(g) = -4*g**2 + 5*g - 9. Let m(q) = 5*l(q) + 3*t(q). What is m(4)?
2
Suppose 10 = 5*x + q - 3, 5*q - 5 = 5*x. Let h be (x - 4)/((-8)/(-20)). Let s(i) = -i**2 - 3*i - 1. Give s(h).
-11
Let q be (-6)/(-3 - -7 - 2). Let k(y) = 2*y - 3. Calculate k(q).
-9
Let g(f) = 34 + 39 + 36 + f - 119. Let o(n) = -n - 1. Let u(i) = -4*i + 2. Let m be u(2). Let l be o(m). Determine g(l).
-5
Let u be (-40)/(-15) - (-2)/6. Let l(r) = -2 + 4*r + u - 3*r. Let d(t) = -3*t - 3. Let g(y) = -2*d(y) - 5*l(y). Give g(1).
2
Let f be 3/(5 + -3 + -1). Let m(n) = 4*n - n**2 + 4 + n**3 - n**2 - 5*n - f*n. Let q(o) = -o**2 + 8*o - 4. Let s be q(7). Calculate m(s).
1
Let l(b) = b + 2. Let g be l(5). Let n = g + -4. Suppose v + n = 4*v. Let c(q) = -2*q**2. Determine c(v).
-2
Let g(s) = -2 - 3*s + 5 + 6. What is g(6)?
-9
Let o(v) = -2. Let q(r) = -3. Let p(s) = -5*o(s) + 3*q(s). Let c(w) = 2*w + 7. Let g(i) = -c(i) + p(i). What is g(-6)?
6
Let t = 10 + -3. Let c = t + -4. Let a be 0/(c/(5 + -2)). Let n(r) = -r + 1. Give n(a).
1
Let d(o) = 7. Let b(v) = -v + 9. Let m(y) = -4*b(y) + 5*d(y). What is m(-1)?
-5
Let y(i) = i**2 - 9*i + 6. Let d = -39 + 48. Determine y(d).
6
Suppose 0 = -4*r - 3*a + 13, r - a = -4*a + 1. Suppose 5*y - v = 2*v + 44, -22 = -r*y - 2*v. Let s(n) = -n**2 + 6*n + 8. What is s(y)?
1
Let g = 12 + -5. Let a(n) = -n + 3. Let r(u) = 4*u - 9. Let q(z) = g*a(z) + 2*r(z). Suppose 2*p + p - 9 = -3*m, 0 = 4*p - 20. Calculate q(m).
1
Let u(w) = 6*w**3 - w**2. Let o(c) = c - 8. Suppose 0 = k - 2*y - 3*y - 7, 3*y = -3*k + 21. Let f be o(k). Determine u(f).
-7
Let b be ((-1)/1 - -2) + -7. Let h(i) = -i**3 + i**2 + i. Let k(u) = -u**3 + 7*u**2 + 7*u. Let q(w) = b*h(w) + k(w). Determine q(-1).
-5
Let o(p) = 8*p**2 - 37*p + 29. Suppose 3*d = d - 18. Let z(r) = 2*r**2 - 9*r + 7. Let v(b) = d*z(b) + 2*o(b). What is v(4)?
-9
Let f be (-4)/(-3)*3/2. Let z(k) = f - 3 - 2*k**2 + 7 + 3*k**2 - 7*k. Calculate z(4).
-6
Let b(f) be the first derivative of -1 - f**3 - 15/2*f**2 - 29*f. Let w(n) = -n**2 - 5*n - 10. Let x(i) = 4*b(i) - 11*w(i). Determine x(-5).
-6
Let o be 32/(-6) - 2/(-6). Let z(w) = -w + 7. Let i be z(5). Let x(a) = 2 - 4 + 4*a - i + a**2. What is x(o)?
1
Let x(v) = v + 7. Suppose -2 - 3 = 5*y. Let t = -1 - y. What is x(t)?
7
Let b(d) = d**3 + 4*d**2 - 6*d - 1. Let y be b(-5). Suppose 3*w - y = 8. Let g(t) = -t - 3. Give g(w).
-7
Let f(y) = y**3 - y**2 - 4. Let p = 33 - 33. Calculate f(p).
-4
Let j be 17/(-3) - (-10)/15. Let y(q) = -q**3 - 3*q**2 + 8*q + 6. Give y(j).
16
Let a(j) = 2*j + 1. Suppose 4*r = -4*d - 24, 3 = -r - d + 3*d. Let n = r - -8. Let c be 2*2/6*n. What is a(c)?
5
Let u(w) = 1 - 3*w + w**3 + 4*w + w - 4*w**2. Suppose 0*m - m + 10 = -3*t, -m = 5*t - 2. Suppose 4*q - 9 = m. Calculate u(q).
9
Let u(o) be the third derivative of 0 + 1/6*o**4 - 1/2*o**3 + 1/60*o**5 + o**2 + 0*o. What is u(-4)?
-3
Let z(h) = h + 7. Let c be z(0). Suppose -2*i + c*i = -5. Let g(t) be the third derivative of t**5/20 - t**4/12 - t**3/6 + t**2. What is g(i)?
4
Let t(r) = r**3 - 7*r**2 + 6*r - 6. Suppose -3*w = 92 - 107. Determine t(w).
-26
Let y = 155 + -162. Let q(n) = 2*n - 3. Determine q(y).
-17
Let y(g) = -2*g - 7. Let c = -22 + 19. Let o(n) = n + 3. Let p(v) = c*y(v) - 5*o(v). Calculate p(0).
6
Let t = -6 + 4. Let o(f) be the first derivative of f**5/20 + f**4/4 + f**3/6 - f**2 + f - 1. Let i(y) be the first derivative of o(y). Determine i(t).
0
Let q = -7 - -7. Suppose q*a = -2*a - 12. Let u(s) = s**2 + 6*s + 6. Calculate u(a).
6
Let y(p) = -p**2 - 6*p - 5. Let c be ((-6)/(-2) - 2)/1. Let a = c - 5. Give y(a).
3
Let l(v) = v - 3. Let j(o) = o + 9. Let d be j(-7). Calculate l(d).
-1
Let f(g) be the first derivative of -g**4/2 - g**3/3 + 2*g**2 + 3*g - 10. Suppose 2 = -5*s - 8. Give f(s).
7
Let g(p) = p**3 - 4*p**2 - 3*p + 6. Suppose 3*d - 5*j + 2 + 6 = 0, -2*j = -3*d - 23. Let t(a) = -a**3 - 10*a**2 + 10*a - 7. Let r be t(d). What is g(r)?
-6
Let q(i) = -2*i**2 + 9*i - 3. Let t(h) = h. Let v(b) = q(b) - 6*t(b). Determine v(3).
-12
Let y(g) = g - 2. Let b be 140/30 + (-8)/(-6). Determine y(b).
4
Let u(h) = h - 8. Let z = -9 + 20. Let i be u(z). Suppose t = -3*r - 8, 0 = i*t - 3 - 9. Let p(q) = 3*q + 1. Give p(r).
-11
Let d(q) = 13*q**2 - 14*q**2 + 0 - 3*q + 2. Suppose -3*g - 2*g + 10 = 0. What is d(g)?
-8
Suppose 4*i = 5*c + 3*i - 19, c = 4*i. Let r(d) = d**3 - 4*d**2 - 2*d - 4. Calculate r(c).
-12
Let f(o) = -o**2 - 2*o + 2. Suppose -5 = 2*d + a, -7*a = 2*d - 3*a + 20. Suppose -12*k + 8*k - 16 = d. What is f(k)?
-6
Let c = -4 - -10. Suppose x - c = -x. Suppose 4*y - 2*b + 5 - 21 = 0, -y = x*b + 3. Let o(d) = -d**3 + 3*d**2 + 2*d - 2. Determine o(y).
4
Suppose -4 - 6 = -2*h. Let w(l) = -l**3 - h*l - 6*l + 6 + 2*l + 7*l**2 + l. What is w(6)?
-6
Let z = 7 - 5. Let w = z - 3. Let x(h) = -h - 3. Let c(p) = -p - 4. Let f(s) = 5*c(s) - 7*x(s). Determine f(w).
-1
Let n(c) = -c**3 + 3*c**2 - 3*c + 3. Let a = -15 + 5. Let d = 13 + a. Calculate n(d).
-6
Let s be (-1)/3 + (-26)/(-6). Suppose 6*w - 10 = w. Let u(f) = f**w - 1 + 1 + f - 6*f. Give u(s).
-4
Let x(p) = -p. Suppose -2*y = -0*y - 8. Determine x(y).
-4
Let g = 52 + -31. Let c = g + -9. Let y be 0 + (c + -2)/(-2). Let n(d) = -d**3 - 4*d**2 + 4*d - 2. Give n(y).
3
Let w(n) = -3 - 3*n + 2*n + 3 - 1. Determine w(4).
-5
Let p(o) = o**2 + 6*o - 14. Let w be p(-8). Let v(m) = -1 + w*m - 2*m**3 + 0*m**3 + 4*m**3 + 2*m**2 + 0*m**3. Give v(-2).
-13
Let i(f) = -f - 1. Let a(l) = -l - 2. Let y(h) = 4*a(h) - 7*i(h). Calculate y(4).
11
Let b be 4 - (11 + 2 + -3). Let j(l) = l**2 + 4*l + 4. What is j(b)?
16
Let o(z) = z**2 + 4*z + 5. Let p be (-2 - -3)/(-1) - 27. Let i = 19 + p. Let w be 2/(-6) - (-33)/i. What is o(w)?
5
Let q = -14 - -8. Let z(p) = 7*p + p**2 - 2*p + 3*p + 6. Determine z(q).
-6
Let s(u) be the second derivative of u**4/12 - u**3/3 - 5*u**2/2 + 7*u. Calculate s(5).
10
Let k(f) be the second derivative of 0 - 2*f + 1/6*f**3 + 1/2*f**2. Determine k(-1).
0
Let h be (0 + 0)/(5/5). Suppose -2*k - k + 12 = h. Suppose 5*z + k = 29. Let q(a) = a**2 - 3*a - 4. Calculate q(z).
6
Let r(f) = 3*f**2 - 1. Let z = 5 - 9. Let c(a) = -a**3 + 7*a**2 + 8*a - 3. Let v be c(8). Let m = z - v. Calculate r(m).
2
Let u(g) be the second derivative of g**4/12 + 7*g**3/6 - 7*g**2/2 - 14*g. What is u(-6)?
-13
Let p(k) = -2*k**3 - 6*k**2 + 7*k + 1. Let n(j) = -j**3 - j**2 + j + 1. Let q(d) = 3*n(d) - p(d). Calculate q(2).
-2
Let p(x) = -x**2 - 6*x - 5. Suppose -15 = 2*v + v. Let m be (-14)/v - (-1)/5. Suppose 0*c - 12 = m*c. What is p(c)?
3
Suppose -5*f - 10 = -3*n, 4*f + 3*n + 41 = 6. Let y(c) = -c**3 - 4*c**2 + 4*c - 3. Determine y(f).
2
Suppose 1 = u - 2*u. Let d(l) be the first derivative of l**3/3 + 4. Give d(u).
1
Let m(h) be the first derivative of h**3/6 - 5*h**2/2 + 5*h + 4. Let b(s) be the first derivative of m(s). Give b(4).
-1
Let n be 0/(-2*2/(-4)). Let g(l